)) + (-120 - 1)?
-123
Calculate -104 + 283 + -141 - -115.
153
7 + (1 - 10 - (-21 - -27)) + -29 + 155
118
What is the value of 4 + 12 + -20 + -61 + 6 + -2?
-61
What is the value of (-568 - -536) + (9 - 7)?
-30
What is the value of 39 + (-3 + -6 - 2 - (-10 - 2)) + -2?
38
Evaluate (122 - 9 - 28 - 18) + 7 + 0.
74
Calculate 9 + (44 - (-1 - -63)) + (-9 - (-2 + 2)).
-18
45 + 17 + -65 + 52
49
What is the value of -10 - (11 - 13) - (-161 - -96)?
57
0 + 4 + (-15 - -91 - 57)
23
What is the value of -28 + (4 - -38) + (3 - -27)?
44
What is the value of 27 + (-9 - ((-5 - -1) + -14 + (15 - 11)))?
32
Evaluate 38 + -84 - -62 - 189 - -20.
-153
46 - (-20 - (19 - 61))
24
-8 + -1 + -8 + 4 + (22 - (14 - -14))
-19
What is the value of (5 - 9) + 0 - (-73 + 67 - (-3 + 1))?
0
Calculate 27 + 7 + -33 - (-4 - (29 + 1 + -2)).
33
What is the value of -55 + 85 - (-18 + -6 + 10)?
44
Calculate 44 - -7 - 56 - (3 - 7 - -69).
-70
-8 - (-10 - (13 - 7 - (-18 + -3)))
29
What is (13 - 2) + 1 + -3 + 0 - (-1947 + 1953)?
3
-20 + 11 + 45 - 13
23
What is the value of -539 + 487 + (-31 - -14)?
-69
(7 - (-85 + 16)) + (-35 - 1)
40
What is (-18 - -18) + -15 + 5 - (1 - 24)?
13
What is the value of (25 - (10 + 9 + -16)) + -68?
-46
What is the value of 1 + 17 + 248 + -259 + -80 - 17?
-90
What is the value of (60 - 121 - -12 - (1 - 14)) + -15?
-51
-52 - -3 - -54 - (-2 + (-1 - -35))
-27
Calculate (33 - 17) + -125 + (21 - 44).
-132
24 + 17 + (1 - (4 + 0) - 3)
35
(-15 - 3) + (92 - (95 + -80))
59
What is the value of (-20 - 1) + -126 + 148 + -21 + -7?
-27
Calculate 120 - (132 - (-97 - -81)).
-28
34 + 16 - 13 - (-6 - -3)
40
What is the value of -471 + 453 - (-2 - (0 + 15))?
-1
(-23 - (72 + (5 - -35 - 19))) + -22
-138
Evaluate 73 - (-50 - -81 - 11).
53
What is the value of (-13 - 34) + -73 + 75?
-45
What is the value of 7 - (38 - 116) - 33?
52
(-60 - -53 - 8) + 24
9
Evaluate (110 - 45) + -76 + (2 + -3 + 4 - 67).
-75
What is the value of ((-9 - -4) + 4 - -2) + 6 + 5 + -71?
-59
What is the value of -5 + -6 + (8 - 8) + -41 + (-14 - -16)?
-50
Calculate (-9 - 2) + (-140 - -99) + 21.
-31
What is (-7 - 0) + 1 + (5 - (-10 + 10)) + -25?
-26
Calculate -21 + (-2 - (-8 - 9)) - 33.
-39
Calculate (-9 - (30 + -53 - -1)) + (-17 - -1).
-3
Evaluate (-18 - 19) + 33 - 30.
-34
70 - (-3 - -21 - (-6 - -21))
67
What is the value of -1 + -10 + (1 - 13) + (-109 - -25 - -121)?
14
What is the value of 28 - (25 - 23 - (-12 - -16))?
30
(-61 - -68) + (-34 - -51)
24
Calculate (843 - 823) + -1 + -39.
-20
Calculate 6 + 101 + (-60 - -35) + -28.
54
Evaluate 92 - 16 - (-2 + -6 - -30).
54
Calculate (-1 + 4 - 5 - -1) + 45 + 18 + 3.
65
Evaluate -15 - (7 + 4 - (46 + -76)).
-56
Calculate 5 - (-6 + 4 + 0 + 140 + -127).
-6
17 + (-84 - (17 - -13))
-97
Evaluate 48 + -48 + 2 + 43.
45
What is the value of -3 + (15 - -22) + -41 - 48?
-55
Calculate 43 + 9 + (-19 - 23) + -126.
-116
Evaluate -2 + (7 - -1) + (2 - 11) + 8.
5
What is the value of -40 + 0 - (-264 + 298 - (0 + 14))?
-60
What is the value of 97 + 7 + -46 - (1 + (1 - 6))?
62
Calculate -44 + -7 - (-29 - (35 - 42)).
-29
What is the value of (1 - (2 + -39)) + (90 + -33 - 13 - 51)?
31
Calculate -50 + 25 + 57 - 20.
12
What is the value of 2 - -13 - (40 + 3 + -17)?
-11
What is (66 - (10 + 28)) + 26 + -9?
45
What is the value of -55 - ((16 - 3) + -5 + 3 + 2)?
-68
Calculate 1573 + -1604 + (-2 - (18 + 5)).
-56
(-20 - -20) + (0 - (1 - -13))
-14
What is 9 - (4 - 0 - (24 - 28)) - 13?
-12
What is 97 + (-59 - (-93 + 35) - (1 + 11))?
84
Evaluate -76 + -94 + (195 - 92).
-67
What is the value of -1254 + 1276 + 1 + 3 + -26?
0
Evaluate (25 - 1) + -33 + 14 + 23.
28
What is -1141 + 1124 - (-6 - -1 - 111)?
99
Evaluate 35 - -1 - (-2094 + 2164).
-34
Calculate 18 - 15 - (-15 + (-13 - -33) + -6).
4
What is 7 - (21 + (11 - -7) + -14)?
-18
What is -153 - -11 - (141 - 271)?
-12
What is (109 - 102) + -12 + 0 - (27 + -9)?
-23
1 + 26 + (8560 - 8631)
-44
Calculate ((32 - 4) + -18 - 1) + -3.
6
Evaluate 2 - (8 - -2) - -2 - (14 - 5).
-15
Evaluate -18 - (-70 + 38 + -7 + 24 - (-11 - 0)).
-14
What is -103 - (65 - 65 - (-2 + 16))?
-89
Evaluate -8 - (57 + -44 + -50).
29
Evaluate 1 - (8 + (11 - 9) - (-6 - -9)).
-6
-4 + (16 - -1) + (18 - -18) + -15
34
Calculate (7 - (4 + 0 + -32)) + 24.
59
What is (0 - -9 - 0) + (-236 - -218)?
-9
What is the value of 6 + -2 + ((8 - 5) + 7 + -17 - -6)?
3
24 - ((-1 - 6) + (43 - 68))
56
What is (-34 - -11 - -3) + 23 + 9 + -12?
0
26 + (9 - (-41 + -12 - -26))
62
(-82 - -70) + 58 - 41
5
What is -87 + -6 + 7 - ((-60 - -14) + 68)?
-108
What is the value of (-26 - -47) + -41 + -5 + 7?
-18
Calculate 10 + 2 + -118 - (-250 + 247).
-103
What is the value of -130 + (-50 - (101 + -221))?
-60
Evaluate (-17 - (-44 - -91)) + 68 + (-138 - 1).
-135
Evaluate (14 + -15 - (-8 + 4)) + (-4 - -1) + 70.
70
10 - (81 + -17) - 23
-77
What is the value of (16 - 32) + 316 + -280?
20
What is the value of 10 + 1 + 1 - 39?
-27
What is the value of -7 + (15 - (10 + (2 - (10 - 35))))?
-29
(90 - (244 - 90)) + 118
54
What is the value of -1 + -3 + 6 - (27 + -25 + -7 + 9)?
-2
7759 + -7912 - (-75 + 0)
-78
What is (-1 - -23) + 1 + -3 - (-161 - (-366 + 201))?
16
What is -4 + (0 - 6) + 8 + -339 + 415?
74
(1 - 32) + (-6581 - -6620)
8
Calculate (0 - -1) + (-2 - 19) + 214 + -203 + -2.
-11
-16 - (-1 - 14 - (-16 + -17))
-34
Evaluate (30 - 56) + -27 - -10.
-43
What is 7 - (35 - 2) - (-15 + (42 - 16))?
-37
Calculate -7 + -84 + 247 + -158.
-2
What is -12 + (0 - -2) + (5654 - 5623)?
21
Calculate 4 + -3 + -1 + (23 - (-3 - 14)).
40
(10 - (34 - 20 - (4 + 1))) + -1
0
Evaluate 19 - (1 - 0 - (98 - 97)).
19
Evaluate 5 + -6 - (-11 + 40 - 43).
13
What is -14 + 2 + (6 - -2) + (27 - 45)?
-22
What is 28 + (3 - 62 - (456 - 442))?
-45
What is 4 - (-22 + 19 - -2) - (-10 - (-149 - -6))?
-128
36 - ((-44 - -83) + 34)
-37
What is the value of 0 - (((11 - 23) + -12 - (-8 + 0)) + 10)?
6
Evaluate (1626 - 1637 - (-2 + (-2 - -4)) - 48) + -13.
-72
Calculate -46 - (-62 + 29) - (4 + -6).
-11
What is the value of -1 + 30 + -11 + -40?
-22
What is (-13 + 1 - (-11 - (-6 + 5))) + (13 - -1)?
12
354 + -323 + -42 + -2 - (-22 - -1)
8
Evaluate 338 - 352 - (42 - -3 - 5).
-54
1 + 7 - (2416 + -2533)
125
-52 - (-14 + 56 + -67)
-27
(-25 + (-20 - -35) - 9) + 5 + -1
-15
Evaluate -125 - -131 - (-3 + (2 - -2) + -30).
35
Calculate -9 + ((7 + -18 - 17) + 22 - (0 + -131)).
116
Evaluate (14 - 25) + (46 - (6 + 9 + -3)).
23
Calculate 22 + (23 - (11 + 44)).
-10
What is the value of -30 + (28 - (-50 - -78))?
-30
What is -13 + 4 + -12 + (5 + 144 - -19)?
147
What is the value of (25 - (-3 + 0)) + 24 + -50 - 40?
-38
What is (-12 - -2) + 12 + (18 - (35 - 14)) + 6?
5
Evaluate (-2 - -11 - -4) + 2 + 14 + 0 + -18.
11
-3 - (-14 - -11) - (-1 + 5) - 36 - 10
-50
2 + 76 - -5 - (7 + (-5 - -13))
68
Calculate (52 - 18) + -56 + 29.
7
What is (62 - 113 - -24) + 0 + 4?
-23
Calculate -17 + 10 + 67 + (68 - 93).
35
Calculate (-19 - (-19 + 1)) + -8 + 5 + -2.
-6
(-22 - (43 - 59)) + 94
88
Evaluate -85 + (-45 - (-39 + 22 + -20)).
-93
Evaluate -7 - (-18 - (23 - 20)) - -11.
25
-13 - (2 + 6 + -19 + 26 + 1)
-29
Calculate (-6 - (5 + -24)) + (36 - 21 - 23).
5
Evaluate 71 - (-2 - (-6 + 7)) - (3 + (-11 - -20)).
62
Evaluate 28 + -105 + 75 + -86.
-88
1 + 6 - (6 + -16 + 12 + 1 + -24)
28
What is the value of -63 - (-15 + -1 - (-34 + 33 - 13))?
-61
27 + (-43 + 24 + 18 - -9 - (9 + 1))
25
(-20 + (22 - 18) - -32) + 25
41
15 + -1 - (81 - 77) - (4 + (-15 - -3))
18
What is the value of (30 + (-68 - -42) - (-2 + -28)) + 4?
38
-54 + (-2 - 1) + (-71 - -69) + 4
-55
What is the value of (1 - -36) + (-881 - -831)?
-13
What is 65 - ((-9 - -30) + -26 + (0 - -15)) - 3?
52
99 + -69 - ((4 - -2) + 12 + -7 + -8)
27
Evaluate 35 + (1 + 13 - (-10 - -31)) - 5.
23
Calculate 9 + (-172 + -4 + 29 - -3).
-135
What is the value of -25 - (-9 + -1 + -186 + 187 + -3 + 3)?
-16
What is the value of 66 + 16 + 54 - 52?
84
Calculate (6 - (25 - 18) - (-7 + (-5 - -2))) + 33.
42
What is the value of (-5 - 5 - (-22 + 9) - -10) + -35?
-22
Evaluate 38 - (12 + 29 + -18) - ((-81 - -4) + 2).
90
Calculate (48 + -33 + -6 - 60) + -1 + 1 + 2.
-49
(-1 - -2) + (-228 - -146) + (15 - (39 - 17))
-88
Evaluate 3352 + -3460 - (0 - 33).
-75
Evaluate 61 - (-1 - -1) - (-6 + 10 - (-37 + 32)).
52
What is 46 + (7 - (3 - 9 - -5) - (12 - 14))?
56
What is the value of (-1798 - -1921) + 4 + -1 + -4 + 14?
13